g + 17*b**3. What is i(a)?
2
Let y(k) = -k + 12. Suppose 0 = -2*t + 10 - 84. Let n = 43 + t. Give y(n).
6
Let f = 17 - 14. Let m(z) = 2*z**3 - 7*z**2 - 15. Let n(s) = -s**3 + 4*s**2 + 8. Let r(k) = f*m(k) + 5*n(k). Calculate r(0).
-5
Let q(u) = u + 1. Let x(h) = -h - 21. Let r be x(-14). Calculate q(r).
-6
Let z(g) = -6*g + 288. Let r be z(44). Let u = -7 + 14. Suppose -k + 5*f = r - u, -4*k - 3*f = -1. Let q(i) = -3*i - 2. Give q(k).
4
Let c(g) = g**3 - 2*g**2 - 3*g + 3. Let y(z) be the first derivative of -z**4/4 + z**3/3 + z**2/2 - z + 20. Let t(s) = c(s) + 2*y(s). Calculate t(0).
1
Let y(k) = 139*k - 698. Let w be y(5). Let p(m) = m**2 - 5*m - 5. Give p(w).
19
Let w(k) = -2*k - 6. Let i be (24/(-28))/((-2)/(-14)). Let u be w(i). Suppose -u*p = -5*p + 3. Let o(m) = -m**2 - 3*m + 1. Calculate o(p).
1
Let j(a) be the second derivative of 11/2*a**2 + 0 + 6*a + 1/6*a**3. What is j(0)?
11
Suppose 22 = 5*p + 2*w - 24, 3*p + w - 27 = 0. Let o(d) = d**3 - 9*d**2 + 10*d - 6. Give o(p).
10
Let a be 1/((-14)/(-49))*-2. Let o(s) be the first derivative of -s**2 - 8*s + 1. Determine o(a).
6
Let u(c) = c + 10. Let t(d) = 3*d + 20. Let b(i) = -2*t(i) + 5*u(i). Give b(6).
4
Suppose -2*d + 45 = 43. Suppose -4*w - 3*k - 14 = d, -2*w - 25 = 5*k. Let l(n) = -n**3 + n - 4. Calculate l(w).
-4
Suppose 0*k + 4*k + 16 = -4*g, 0 = -4*g - 16. Let y(l) be the first derivative of l**2/2 + 2*l + 8. Give y(k).
2
Let n be ((-3)/(-2))/(1/(-4)). Suppose -3*l = -10 + 4. Let t(x) = 8*x + 7 + x**l - 7 + 2 + 6. What is t(n)?
-4
Suppose -3*m - 18 = -4*t, 0 = 4*t - 0*t - 2*m - 16. Let x(p) = -5 - 8*p + 6*p + 4 + 3 + p. Give x(t).
-1
Let l(k) = -3*k**3 - 57*k**2 - 3*k - 57. Let m be l(-19). Let o(d) = -d**2 + 6*d - 3. Give o(m).
-3
Suppose 0 = 5*y + 2*p - 60, -4*y + 4*p = 6 - 54. Let c be (-2)/(-3)*y*1. Let j be c/(-36) - 86/18. Let h(a) = a**2 + 6*a + 4. What is h(j)?
-1
Let j(y) = 17*y - 172. Let i be j(11). Let s(k) = k - 5. Let d be s(7). Let m(x) = 61*x**2 - 3 - 59*x**2 + i*x**3 + d. Give m(-1).
-14
Let q be (-3)/(-5) + (-260)/(-25). Suppose -2*g = -q*g. Let i(s) = -s + 1. What is i(g)?
1
Let c(y) be the second derivative of -13*y**3/6 + y**2/2 - 46*y. Calculate c(-1).
14
Let a(j) = -j - 5. Suppose -2*s = -0*s. Suppose s*t + 3*t = 66. Suppose 0 = -3*b + 2 + 7, -4*o = -2*b + t. What is a(o)?
-1
Let l(u) = 3*u + 5 - 4 + 1. Let a be 29 - (-2 - 2) - 4. Suppose 5*j - 4 = -a. What is l(j)?
-13
Let d(u) = -u**3 + 6*u**2 - 2*u + 1. Let h(t) = -t**3 + 10*t**2 + 10*t + 16. Let g be h(11). Suppose 4*k = -y + 2, -2*y - g*k + 19 = 2*y. What is d(y)?
-11
Let a(u) = 3*u**3 + 4*u**2 - 8*u - 6. Let w(o) = 4*o**3 + 4*o**2 - 10*o - 6. Let p(f) = 5*a(f) - 4*w(f). Give p(4).
-6
Let r(b) = 3*b**3 + 8 + 8*b + 4*b**3 + 7*b**2 - 6*b**3. Let x(m) = -m. Let k(w) = 18*w - 30. Let u(g) = k(g) + 15*x(g). Let z be u(8). Determine r(z).
-4
Let f(k) be the second derivative of k**5/20 + k**4/3 - k**3/6 + 5*k**2/2 - 20*k + 2. Let a(r) = -2*r + 3. Let m be a(4). Let u = 1 + m. Give f(u).
9
Let y be ((-30)/80)/((-2)/16). Suppose y*k + j = -7, k + 2*j + 5 = -j. Let r(c) = 4*c - 2. Give r(k).
-10
Let g(h) be the second derivative of -2/3*h**3 + 0 + 1/3*h**4 + 14*h - 1/20*h**5 + h**2. Give g(3).
-1
Let c(s) = 7*s**2 - 2*s - 4*s + 5*s - 4*s - s**3 + 90 - 92. What is c(6)?
4
Suppose 0 = 3*k - 3*h - 24, 2*k = -0*h - 4*h - 8. Let x(m) = -1. Let a(c) = 24*c - 3*c**2 - 24*c - 27. Let n(u) = k*a(u) - 108*x(u). Calculate n(1).
-12
Let q(g) be the third derivative of g**4/8 - 2*g**3/3 + 23*g**2. Let h(m) = -16*m + 19. Let c(f) = -2*h(f) - 11*q(f). Give c(4).
2
Let w(f) = -f**2 - f - 4. Let h(n) be the first derivative of n**4/4 + 7*n**3/3 + 7*n**2/2 + 2*n - 2. Let z be h(-6). Give w(z).
-16
Let b = 839 + -837. Let x(t) = t**2 - 5*t + 3. Calculate x(b).
-3
Let y(f) be the first derivative of -2*f**3/3 - 33*f**2/2 + 44*f - 481. Determine y(-18).
-10
Let n(k) be the third derivative of -k**4/4 - 7*k**2. Let j(y) = -7*y + 1. Let c(s) = 3*j(s) - 4*n(s). Determine c(-2).
-3
Let x(d) be the second derivative of -d**5/20 + 3*d**4/4 - 2*d**3 - d**2 - 137*d + 3. Give x(6).
34
Let b(u) = -5*u**3 + 13*u**2 + 2*u + 8. Let m(j) = -9*j**3 + 25*j**2 + 5*j + 16. Let r = -16 - -22. Let a(z) = r*m(z) - 11*b(z). Calculate a(-6).
-4
Let j(u) = 0*u**2 - u**2 - 3*u + 3*u**2 + 1. Let q(v) = v + 35*v**3 - 2*v**2 + 4*v - 6*v - 36*v**3. Let r be q(-2). Calculate j(r).
3
Let y(p) be the first derivative of -p**4/4 - 5*p**3/3 - 2*p**2 - 4*p - 2. Suppose 4*r + 2 = 5*r - 2*m, -r + 5*m = -11. Give y(r).
-4
Suppose 2*a + 13 = -q, -4*a = q - 0*q + 27. Let t(f) = -f**3 - 8*f**2 - 9*f - 8. What is t(a)?
6
Let t be 1/((-2)/(18/(-3))). Let v(p) = p + t + 1 - 4. Suppose 0 = -3*d - 14 + 2. Give v(d).
-4
Let u = -292 - -296. Let f(b) = -2*b + 4. Determine f(u).
-4
Let k be 2 + 5/(-1) - 0. Let v be -1 + (k/3 - -6). Let f = 6 - v. Let l(o) = o**2 - o + 2. Calculate l(f).
4
Let z(l) = 8*l**3 - l**2 - 2*l - 1. Let g = 76 - 72. Suppose 0 = 11*k + 15 - g. What is z(k)?
-8
Let n(o) be the first derivative of -o**3/3 + o**2/2 - o + 21. Determine n(1).
-1
Let h be ((-4)/(-1)*1)/(88/66). Let b(i) be the second derivative of -1/6*i**h + 0*i**2 + 0 + 5*i. Determine b(5).
-5
Let z(x) be the third derivative of x**6/120 + 2*x**5/15 - x**4/24 - 4*x**3/3 + x**2 + 436*x. Determine z(-7).
48
Let h(u) be the second derivative of -6*u + 7/2*u**2 + 0 - 1/6*u**4 - 1/6*u**3. Let j(x) be the first derivative of h(x). What is j(-3)?
11
Let y(s) = s**2 - 14. Let r be (-490)/18 - (-6)/27. Let o be ((-44)/(-33))/((-2)/r). Let l = -18 + o. Calculate y(l).
-14
Suppose -12 = 5*u - q, 5*q = -2*u - 24 + 3. Let p(s) = 2*s**2 + 6*s - 4. What is p(u)?
-4
Suppose 3*h - 10*w - 31 = -14*w, 3*w = 4*h - 33. Let s(v) = -v**3 + 8*v**2 + 9*v - 13. What is s(h)?
-13
Let u(o) = -2*o - 3. Let n be 6 - -1 - (-14)/21*-21. What is u(n)?
11
Let u(s) = 6*s + 18. Let n be u(-3). Let l(r) = -r - 6. What is l(n)?
-6
Let v(b) = -4*b**3 - 4*b + 3*b**3 - 1 + 3*b**2 + 3. Let s(u) = -14*u - 7. Let j be s(-4). Suppose 0 = f - 5*r - 22, 4*f - j + 21 = 5*r. Calculate v(f).
-2
Let h = 52 + -48. Let a be h*((-14)/4 - -3). Let p(o) be the second derivative of 5*o**3/6 - o**2/2 + o. What is p(a)?
-11
Let s(i) = -2 + 4 + 1206880*i - 1206881*i. Let h(t) = -t**3 - 3*t**2 - t + 2. Let g be h(-3). Give s(g).
-3
Let w(g) = 3*g**2 - 2. Let k(l) = l**2 + l. Let i(n) = -k(n) + w(n). Give i(2).
4
Let r(b) be the second derivative of -b**5/20 - 2*b**3/3 - b**2/2 - 84*b - 3. Give r(-2).
15
Let q(p) be the second derivative of 14*p + 1/2*p**3 + 1/2*p**2 + 0. Determine q(-6).
-17
Suppose d - 5 = -0*d. Let t(y) = -2*y**2 - 8*y + 30. Let u(k) = k**2 + 3*k - 13. Let j(v) = 2*t(v) + 5*u(v). Give j(d).
15
Let s(c) = -c**2 - 7*c - 7. Suppose -f = f. Suppose 3*b - 2*g + 10 = 0, f = 4*b - g + 21 - 1. Calculate s(b).
-1
Let l(q) = 2*q + 10. Suppose -7*d = 66 - 24. Let h be (-26)/(-39) - (-46)/d. Give l(h).
-4
Suppose 12 = -2*h + 2*m, 3*h = -5*m + 1 + 5. Let g(v) be the third derivative of -v**4/4 - 2*v**3/3 - 17*v**2 + v. Give g(h).
14
Let h(b) = 3*b - 6. Let w be h(5). Let i(v) be the second derivative of -v**3/6 + 7*v**2 + 169*v + 4. Determine i(w).
5
Let h(z) = -9*z**3 - 4*z + 5. Let b(r) = -8*r**3 - 3*r + 4. Let u be 3*(-4)/24*(-12)/(-2). Let s(t) = u*h(t) + 4*b(t). What is s(1)?
-4
Let u be (1/(-2))/(2/(-8)). Let o(t) = -u*t + 0*t**2 + 2*t**2 + t + t**2. Let y(f) = -f + 5. Let l be y(6). Determine o(l).
4
Let q(k) = -3*k**2 - 2*k + 3*k + 0 + 4*k**2 + 4. Let r(c) = -c**2 - 3*c + 2. Let f be r(1). Let u be (f - -3)*(2 + -2). What is q(u)?
4
Let j(q) be the first derivative of -1/4*q**4 + 0*q**2 - 5*q + 3*q**3 + 25. Determine j(9).
-5
Let u(y) = 5*y**2 + 2*y + 1. Let h(n) = -n**3 - 4*n**2 - 5*n - 4. Let b be h(-3). Suppose b = p + p. Let w(c) = -2*c + 1. Let s be w(p). What is u(s)?
4
Let u(x) = -1. Let j(v) = 8*v**2 + v + 7. Let t(n) = -j(n) - 6*u(n). Suppose g - 19 = 5*m, -m + 1 = 28*g - 33*g. Give t(g).
-8
Let r(g) = 11*g**2 - 24*g - 14. Let m(k) = -6*k**2 + 14*k + 8. Let y(v) = 5*m(v) + 3*r(v). What is y(3)?
19
Let a be (-3 + (-30)/(-5))/((-3)/(-9)). Let x(g) = g**3 - 10*g**2 + 10*g - 7. Give x(a).
2
Let v(t) = -t**2 - 4*t + 9. Let k(q) = -q**2 - 5*q + 9. Let n(f) = 4*k(f) - 5*v(f). Calculate n(-6).
27
Let y be -15*7/(-35) - 10. Let d(n) = 